 f and j?
12
Let i be -22 + 35 + -2 - -29813. What is the greatest common divisor of 128 and i?
128
Let f = 0 - 6. Suppose -4*g - 3*n + 11 = 2*n, 3*g + 5*n = 2. Let x = g + f. Calculate the greatest common divisor of x and 27.
3
Let h be 74*(8 + 0)/2. Let u = -293 + h. What is the greatest common divisor of u and 99?
3
Suppose 2*s = 4*q - 49 + 61, -5*s + 60 = -5*q. Calculate the greatest common divisor of 102 and s.
6
Let t(y) = y**2 - y + 5. Let p be t(-2). Suppose 5*d = -60 + 1105. Calculate the highest common divisor of p and d.
11
Let a be (-928)/(-56) + (-123)/(-287) - 14. Let u = 1 - 1. Let h(j) = -j**2 + j + 9. Let y be h(u). Calculate the highest common divisor of y and a.
3
Let q(t) = 19*t**2 + 3*t + 5. Suppose -s + 2*y = -6, s - y = -2*y. Suppose s = -12*v + 11*v. Let w be q(v). What is the greatest common factor of 15 and w?
15
Let x(o) = o**3 - 6*o**2 - 14*o - 66. Suppose -13*q + 18*q + 4*b = 45, b = -3*q + 27. Let s be x(q). Calculate the highest common divisor of s and 1275.
51
Let s(r) = 8*r + 174. Suppose 0 = -4*k + 7*k + 12, -56 = 4*w - 4*k. Let y be s(w). Let u = -7 + 17. What is the highest common divisor of y and u?
10
Let r = 18 - 9. Suppose 3*f + 110 = -142. Let k = 129 + f. What is the greatest common divisor of k and r?
9
Suppose 0 = 6*y + 17 - 173. Let p be -4 + 4 + 433 + 5 + 4. What is the greatest common factor of y and p?
26
Let d(q) = q**3 - 9*q**2 - 22*q + 123. Let x be d(10). Calculate the highest common factor of 73 and x.
1
Let u be 120/12 - (1 + -1696). Calculate the highest common divisor of u and 44.
11
Suppose 0 = 3*g + 2*r + 25 - 244, -3*r + 151 = 2*g. What is the highest common divisor of g and 497?
71
Let w be 7/175*10 + 33/5. Suppose -w*c = 105 - 7. Let l be 49/c - -3 - (-17)/2. What is the greatest common divisor of l and 8?
8
Let j be 45*((-36)/15 + 3). Let m be -4 - 212*4/(24/(-9)). Let q = m + -269. What is the highest common divisor of q and j?
9
Let i(w) = w**2 + 19*w - 167. Let l be i(9). Suppose 0 = 4*j + 4, 3*u + u = -5*j + 55. What is the highest common divisor of l and u?
5
Let h(a) = 2*a - 14. Let y be h(7). Suppose y = 5*l, -3*l - 145 = -2*b + 165. What is the greatest common divisor of b and 93?
31
Suppose 0 = 6*g - 11*g - 4*o + 1278, -5*g - 3*o + 1281 = 0. Let v be 2*(-4 + 6 + g). Calculate the highest common factor of v and 40.
40
Let t = -43 - -122. Let w = 130 - t. Let d = -195 + 229. What is the greatest common divisor of d and w?
17
Suppose -92427 = -403*s - 21499. Calculate the highest common divisor of 187 and s.
11
Suppose -f + 5*f - 4 = 0, -5*f = -2*v + 415. Calculate the highest common divisor of v and 1134.
42
Let c = 1996 + -1853. What is the highest common factor of c and 22?
11
Let g be (-4)/18 - 974/(-9). Let k(o) = 149*o + 8763. Let z be k(-57). Calculate the highest common factor of g and z.
54
Let q be (-6)/5*(-2100)/9 + -4. Calculate the greatest common divisor of q and 84.
12
Let s(q) = 71*q**2 + 30*q + 65. Let r be s(-2). Calculate the greatest common divisor of 47107 and r.
289
Let i = -161676 - -161707. Let z be ((-62)/(-8))/((-2)/(-8)). Calculate the greatest common factor of i and z.
31
Let l be (-32)/(-18) + 74/333. Suppose 5*j + 4*q = 3*q + 731, 2*q = l*j - 302. What is the highest common divisor of j and 49?
49
Let f = 1552 - 240. What is the highest common divisor of 96 and f?
32
Let z(p) = -5*p**2 - 338*p + 179. Let k be z(-57). Calculate the highest common factor of 250 and k.
50
Let w = 157 + -122. Suppose -w*l - 5121 + 14641 = 0. What is the highest common divisor of l and 17?
17
Suppose z = 4*q - 48029, -6083*q + 6079*q = z - 48011. What is the greatest common factor of 735 and q?
245
Suppose 3*l - 2075 = -4*d - 81, -4*d - 2*l = -1996. What is the highest common factor of d and 320?
20
Let x be ((-20540)/(-24))/13 - 2/(-12). Suppose 0 = -2*q - 4*q + x. Let k be (9/4)/(5 - 657/132). Calculate the highest common divisor of k and q.
11
Suppose 247*y = 242*y + 5*x + 4625, 3*x - 3651 = -4*y. What is the greatest common factor of 816 and y?
102
Suppose -584 = -46*y + 42*y. Let f = -74 + y. Calculate the greatest common divisor of 36 and f.
36
Let v = -2598 + 5748. What is the highest common factor of 100 and v?
50
Suppose 38*z - 4691 = -1853 + 2178. Let l be 2/8 - 1230/(-8). What is the greatest common factor of z and l?
22
Suppose 3*z - 879 = -4*p, 19*p + z - 869 = 15*p. What is the greatest common factor of 280 and p?
8
Let l = 247 + -245. Let p(n) = -n**3 + 13*n**2 - 2*n + 17. Let f be p(13). Let x be 32/(-3)*f/6. What is the highest common divisor of x and l?
2
Let k(r) = r**2 - 13*r + 64. Let o be k(6). Let c = 180 - 4. Calculate the highest common factor of o and c.
22
Let g = 923 - 839. Suppose -4*p + g = -5*i, 5 = -p - 5*i + 1. What is the greatest common divisor of 34 and p?
2
Suppose t = 5*p + 767, -t + 353 + 396 = p. Calculate the greatest common factor of t and 282.
94
Let z be 102 - (2/8 - (-30)/8). Let w = z - 98. Suppose -2*m + j + 4*j = w, 2*m - 16 = -3*j. What is the greatest common factor of m and 65?
5
Suppose -155*v + 32320 = 3335. What is the greatest common factor of 34 and v?
17
Let r = 162 + -157. Suppose -3*h = 5*p - 11, -r*h - 5*p = -9 - 6. Let d = -22 + 32. Calculate the greatest common factor of d and h.
2
Let y(a) = 44*a**2 - 2*a - 4. Let u be (((-2)/(-3))/(27/(-162)))/2. Let b be y(u). Calculate the highest common factor of 32 and b.
16
Suppose 3537 = 120*f + 1290 - 7833. Calculate the highest common factor of f and 2394.
42
Suppose -10*j + 14*j = 2*r + 2150, -j = -4*r - 520. What is the greatest common divisor of 2592 and j?
108
Suppose -72*g = -75*g + 264. Suppose 4*q - g = -0*q. Calculate the highest common divisor of 4 and q.
2
Let l be -2 + 7*(-2)/(-1). Let w = 524 - 996. Let a = -460 - w. Calculate the highest common divisor of a and l.
12
Suppose -5*k + 594 = -0*k + b, 0 = -2*b - 2. Let a = -86 + k. What is the highest common factor of a and 22?
11
Let m be 660/8*2/3. Let y = -2195 + 2360. What is the greatest common divisor of m and y?
55
Let l = 3736 - 1257. Suppose -l = 7*x - 764. Let c be x*((-24)/(-15))/(-4). What is the greatest common factor of c and 14?
14
Let j = -74 - -76. Suppose -620 = -2*k - j*v, 8*k = 7*k - 4*v + 316. Calculate the highest common divisor of 44 and k.
44
Let q(g) = -g**2 + 54*g - 144. Suppose 0 = p + 2*p + 5*f - 159, -4*f + 60 = p. Let k be q(p). Calculate the greatest common divisor of 27 and k.
9
Let d = 470 + -360. Suppose -5*r + 5*g = -240, r + 5*g - 6 - 18 = 0. Calculate the highest common factor of d and r.
22
Let s be 2 - (-10)/(-4) - (-10)/4. Suppose 2*b + 4*d = -84, -3*b = -s*d - 5 + 99. Let k = b - -37. What is the highest common factor of 1 and k?
1
Let m(l) = -2*l - 8. Let d be m(-15). Suppose 0 = 5*y + 5*n - 1770, -n = 9*y - 5*y - 1410. What is the greatest common divisor of y and d?
22
Let l be (294/(-8))/(-7) + (-2)/8. Suppose 3*f = 9, -l*f = -2*j + 24 - 1. Calculate the greatest common factor of j and 57.
19
Let d(n) = -n**2 - 46*n - 215. Let c be d(-37). What is the greatest common factor of 18 and c?
2
Let n be ((-23)/(-6) - (-16 - 580/(-40)))*42. What is the greatest common factor of 57344 and n?
224
Let r(f) = 5*f**2 - 21*f + 61. Let k be (-4)/22 + (-1456)/(-143). Let w be r(k). What is the greatest common factor of w and 27?
27
Let x(a) = 2*a + 3. Let h(f) = -3*f - 4. Let p(s) = 4*h(s) + 5*x(s). Let v be p(-5). Let m be -9*22/(-6)*6/v. Calculate the highest common divisor of m and 55.
11
Let t = -2989 - -8306. What is the greatest common factor of t and 13?
13
Let k = 8 + 10. Suppose 10127 = -22*z + 35*z. Let l = z - 653. Calculate the highest common factor of k and l.
18
Suppose -3*v - 5*x + 4890 = -4087, -3*v = -x - 8947. Calculate the greatest common factor of 8 and v.
8
Suppose 289 + 59 = 4*j. Suppose 4*n - 1 - j = 0. Let g(y) = 6*y**2 - 7*y - 75. Let h be g(-5). Calculate the highest common factor of h and n.
22
Let s be ((-4)/(-1))/(344/7310). Suppose -11 - 7 = -2*w. Let z = 26 - w. Calculate the greatest common divisor of z and s.
17
Suppose 2*i + 3*h - 818 = 0, -5*h + 545 = i + 129. Calculate the highest common factor of 986 and i.
58
Let y(c) = -2*c + 16. Let r be y(6). Suppose -7*m = m + r*m. Suppose 6*v - 32 - 40 = m. What is the greatest common divisor of 36